{"id":238,"date":"2020-08-10T03:37:53","date_gmt":"2020-08-10T01:37:53","guid":{"rendered":"https:\/\/www.centercarrosserie.ch\/?page_id=238"},"modified":"2025-04-02T15:16:52","modified_gmt":"2025-04-02T13:16:52","slug":"carrosserie-lackierung-lackiererei-dreispitz","status":"publish","type":"page","link":"https:\/\/www.centercarrosserie.ch\/?page_id=238","title":{"rendered":"Lackierung"},"content":{"rendered":"<p>[et_pb_section fb_built=&#187;1&#8243; inner_shadow=&#187;on&#187; _builder_version=&#187;4.27.4&#8243; _module_preset=&#187;default&#187; background_color=&#187;rgba(0,0,0,0)&#187; background_color_gradient_direction=&#187;280deg&#187; background_image=&#187;https:\/\/www.centercarrosserie.ch\/wp-content\/uploads\/2020\/08\/Lackierung-4k-titelCenter.png&#187; background_position=&#187;bottom_left&#187; min_height=&#187;450px&#187; hover_enabled=&#187;0&#8243; locked=&#187;off&#187; global_colors_info=&#187;{}&#187; border_radii=&#187;off|||60px|60px&#187; sticky_enabled=&#187;0&#8243;][\/et_pb_section][et_pb_section fb_built=&#187;1&#8243; _builder_version=&#187;4.27.4&#8243; _module_preset=&#187;default&#187; background_color=&#187;rgba(0,0,0,0)&#187; use_background_color_gradient=&#187;on&#187; background_color_gradient_direction=&#187;190deg&#187; background_color_gradient_stops=&#187;rgba(255,255,255,0.92) 0%|rgba(255,255,255,0.9) 100%&#187; background_color_gradient_overlays_image=&#187;on&#187; background_color_gradient_start=&#187;rgba(255,255,255,0.92)&#187; background_color_gradient_end=&#187;rgba(255,255,255,0.9)&#187; background_image=&#187;https:\/\/www.centercarrosserie.ch\/wp-content\/uploads\/2020\/06\/Lackierung-scaled.jpeg&#187; custom_padding=&#187;60px|0px|70px|0px||&#187; bottom_divider_height=&#187;50px&#187; bottom_divider_flip=&#187;horizontal&#187; scroll_vertical_motion=&#187;45|65|65|100|4|0|-4&#8243; motion_trigger_start=&#187;top&#187; hover_enabled=&#187;0&#8243; locked=&#187;off&#187; global_colors_info=&#187;{}&#187; border_radii=&#187;off|60px|60px|60px|60px&#187; sticky_enabled=&#187;0&#8243;][et_pb_row _builder_version=&#187;4.16&#8243; _module_preset=&#187;default&#187; global_colors_info=&#187;{}&#187;][et_pb_column type=&#187;4_4&#8243; _builder_version=&#187;4.16&#8243; _module_preset=&#187;default&#187; global_colors_info=&#187;{}&#187;][et_pb_text _builder_version=&#187;4.17.4&#8243; _module_preset=&#187;default&#187; text_font=&#187;|600||on|||||&#187; header_font=&#187;Montserrat|300|||||||&#187; header_text_color=&#187;#0c71b3&#8243; header_font_size=&#187;20px&#187; header_2_font=&#187;Montserrat|500|||||||&#187; header_2_text_color=&#187;#0c71b3&#8243; header_2_font_size=&#187;20px&#187; text_orientation=&#187;center&#187; custom_margin=&#187;||15px|||&#187; global_colors_info=&#187;{}&#187;]<\/p>\n<h2>Autolackierung | felgenlackierung<\/h2>\n<p>[\/et_pb_text][et_pb_text _builder_version=&#187;4.17.4&#8243; _module_preset=&#187;default&#187; text_font=&#187;Aguafina Script|600||on|||||&#187; header_font=&#187;Allerta Stencil|700|||||||&#187; header_font_size=&#187;32px&#187; text_orientation=&#187;center&#187; global_colors_info=&#187;{}&#187;]<\/p>\n<h1>Auto lackieren &#8211; Lacksch\u00e4den reparieren.<\/h1>\n<p>[\/et_pb_text][et_pb_text _builder_version=&#187;4.27.4&#8243; _module_preset=&#187;default&#187; text_letter_spacing=&#187;0.5px&#187; text_line_height=&#187;1.8em&#187; text_orientation=&#187;justified&#187; global_colors_info=&#187;{}&#187;]<\/p>\n<p>Der Lack eines Autos, Motorrads, Felge, Flugzeug oder Klaviers ist nicht nur Ausdruck seines eigenen Geschmacks, sondern hat auch den Zweck, das Material darunter vor Schaden zu sch\u00fctzen. Lacksch\u00e4den auf lackierten Fl\u00e4chen sehen nicht nur unsch\u00f6n aus, sondern bergen auch die Gefahr von Rost.<\/p>\n<p>Der Spezialist versteht den Aufbau einer Qualit\u00e4tslackierung von Grundierung \u00fcber F\u00fcller, Lack bis hin zum Klarlack. Das Treffen der Farbe und das Beilackieren ist wahrlich eine Kunst. Bis zu einem perfekten Ergebnis sind einige handwerkliche Schritte notwendig. Typisch f\u00fcr eine Lackierung ist der Faktor \u201eZeit\u201c. Die Grundlage muss vollst\u00e4ndig durchgetrocknet sein, ansonsten erlebt der Kunde nach einem Jahr sein blaues Wunder, da der Lack einbricht. Daher ist eine \u201eInstandsetzung\/Sanierung\u201c f\u00fcr uns und Sie keine Alternative um Kosten zu sparen.<\/p>\n<p>Auch das Treffen der richtigen Farbe ist eine Wissenschaft f\u00fcr sich. Wir nutzen modernste Technik, um den Farbton aus der aktuellen Lackierung digital auszulesen. Schwierig wird es, weil z.B. der Kotfl\u00fcgel durch die UV-Strahlung der Sonne \u00fcber die Jahre ein wenig ausgeblichen ist. Durch unsere Erfahrung in der Lackiertechnik erhalten Sie ein perfektes Ergebnis ohne sichtbare Farb\u00fcberg\u00e4nge.<\/p>\n<p>[\/et_pb_text][\/et_pb_column][\/et_pb_row][et_pb_row column_structure=&#187;1_2,1_2&#8243; _builder_version=&#187;4.16&#8243; _module_preset=&#187;default&#187; global_colors_info=&#187;{}&#187;][et_pb_column type=&#187;1_2&#8243; _builder_version=&#187;4.16&#8243; _module_preset=&#187;default&#187; global_colors_info=&#187;{}&#187;][et_pb_text _builder_version=&#187;4.27.4&#8243; _module_preset=&#187;default&#187; header_font=&#187;|600|||||||&#187; text_orientation=&#187;center&#187; custom_margin=&#187;||31px|||&#187; global_colors_info=&#187;{}&#187;]<\/p>\n<h1>Autolacke auf Wasserbasis<\/h1>\n<p>[\/et_pb_text][et_pb_image src=&#187;https:\/\/www.centercarrosserie.ch\/wp-content\/uploads\/2020\/08\/glasuritfarben.jpg&#187; alt=&#187;Autolacke, Glasurit, Basel&#187; title_text=&#187;Glasurit Autolacke Carrosserie Garage Basel&#187; _builder_version=&#187;4.27.4&#8243; _module_preset=&#187;default&#187; border_radii=&#187;on|30px|30px|30px|30px&#187; border_width_all=&#187;1px&#187; border_color_all=&#187;#dee7ec&#187; box_shadow_style=&#187;preset3&#8243; global_colors_info=&#187;{}&#187;][\/et_pb_image][\/et_pb_column][et_pb_column type=&#187;1_2&#8243; _builder_version=&#187;4.16&#8243; _module_preset=&#187;default&#187; global_colors_info=&#187;{}&#187;][et_pb_text _builder_version=&#187;4.16&#8243; _module_preset=&#187;default&#187; header_font=&#187;|600|||||||&#187; text_orientation=&#187;center&#187; custom_margin=&#187;||31px|||&#187; global_colors_info=&#187;{}&#187;]<\/p>\n<h1>Digitale Farbtonmessung<\/h1>\n<p>[\/et_pb_text][et_pb_image src=&#187;https:\/\/www.centercarrosserie.ch\/wp-content\/uploads\/2020\/08\/glasuritfarbtonmessung-1.jpg&#187; alt=&#187;Messungen, Glasurit, Basel&#187; title_text=&#187;Farbtonmessung, Carrosserie, Lackierung&#187; _builder_version=&#187;4.16&#8243; _module_preset=&#187;default&#187; border_radii=&#187;on|30px|30px|30px|30px&#187; border_width_all=&#187;1px&#187; border_color_all=&#187;#dee7ec&#187; box_shadow_style=&#187;preset3&#8243; global_colors_info=&#187;{}&#187;][\/et_pb_image][\/et_pb_column][\/et_pb_row][et_pb_row column_structure=&#187;1_2,1_2&#8243; _builder_version=&#187;4.16&#8243; _module_preset=&#187;default&#187; global_colors_info=&#187;{}&#187;][et_pb_column type=&#187;1_2&#8243; _builder_version=&#187;4.16&#8243; _module_preset=&#187;default&#187; global_colors_info=&#187;{}&#187;][et_pb_text _builder_version=&#187;4.16&#8243; _module_preset=&#187;default&#187; header_font=&#187;|600|||||||&#187; text_orientation=&#187;center&#187; custom_margin=&#187;||31px|||&#187; global_colors_info=&#187;{}&#187;]<\/p>\n<h1>Oldtimer-Lackierung<\/h1>\n<p>[\/et_pb_text][et_pb_image src=&#187;https:\/\/www.centercarrosserie.ch\/wp-content\/uploads\/2020\/08\/oldtimerlackierung.jpg&#187; alt=&#187;Oldtimer Lackierung Basel&#187; title_text=&#187;Oltimer Lackierung &#8211; Center Carrosserie Dreispitz&#187; _builder_version=&#187;4.16&#8243; _module_preset=&#187;default&#187; border_radii=&#187;on|30px|30px|30px|30px&#187; border_width_all=&#187;1px&#187; border_color_all=&#187;#dee7ec&#187; box_shadow_style=&#187;preset3&#8243; global_colors_info=&#187;{}&#187;][\/et_pb_image][\/et_pb_column][et_pb_column type=&#187;1_2&#8243; _builder_version=&#187;4.16&#8243; _module_preset=&#187;default&#187; global_colors_info=&#187;{}&#187;][et_pb_text _builder_version=&#187;4.16&#8243; _module_preset=&#187;default&#187; header_font=&#187;|600|||||||&#187; text_orientation=&#187;center&#187; custom_margin=&#187;||31px|||&#187; global_colors_info=&#187;{}&#187;]<\/p>\n<h1>Youngtimer-Lackierung<\/h1>\n<p>[\/et_pb_text][et_pb_image src=&#187;https:\/\/www.centercarrosserie.ch\/wp-content\/uploads\/2020\/06\/lambo-orange.jpg&#187; alt=&#187;Youngtimer Lackierung&#187; title_text=&#187;Youngtimer Lackierung Basel-Dreispitz&#187; _builder_version=&#187;4.16&#8243; _module_preset=&#187;default&#187; border_radii=&#187;on|30px|30px|30px|30px&#187; border_width_all=&#187;1px&#187; border_color_all=&#187;#dee7ec&#187; box_shadow_style=&#187;preset3&#8243; global_colors_info=&#187;{}&#187;][\/et_pb_image][\/et_pb_column][\/et_pb_row][et_pb_row column_structure=&#187;1_2,1_2&#8243; _builder_version=&#187;4.16&#8243; _module_preset=&#187;default&#187; global_colors_info=&#187;{}&#187;][et_pb_column type=&#187;1_2&#8243; _builder_version=&#187;4.16&#8243; _module_preset=&#187;default&#187; global_colors_info=&#187;{}&#187;][et_pb_text _builder_version=&#187;4.16&#8243; _module_preset=&#187;default&#187; header_font=&#187;|600|||||||&#187; text_orientation=&#187;center&#187; custom_margin=&#187;||31px|||&#187; global_colors_info=&#187;{}&#187;]<\/p>\n<h1>Qualit\u00e4t Lackierung<\/h1>\n<p>[\/et_pb_text][et_pb_image src=&#187;https:\/\/www.centercarrosserie.ch\/wp-content\/uploads\/2020\/08\/Sportwagen.jpg&#187; title_text=&#187;Sportwagen&#187; _builder_version=&#187;4.16&#8243; _module_preset=&#187;default&#187; border_radii=&#187;on|30px|30px|30px|30px&#187; border_width_all=&#187;1px&#187; border_color_all=&#187;#dee7ec&#187; box_shadow_style=&#187;preset3&#8243; global_colors_info=&#187;{}&#187;][\/et_pb_image][\/et_pb_column][et_pb_column type=&#187;1_2&#8243; _builder_version=&#187;4.16&#8243; _module_preset=&#187;default&#187; global_colors_info=&#187;{}&#187;][et_pb_text _builder_version=&#187;4.16&#8243; _module_preset=&#187;default&#187; header_font=&#187;|600|||||||&#187; text_orientation=&#187;center&#187; custom_margin=&#187;||31px|||&#187; global_colors_info=&#187;{}&#187;]<\/p>\n<h1>Sportwagen-Lackierung<\/h1>\n<p>[\/et_pb_text][et_pb_image src=&#187;https:\/\/www.centercarrosserie.ch\/wp-content\/uploads\/2020\/08\/sportwagen-2.jpg&#187; title_text=&#187;sportwagen-2&#8243; _builder_version=&#187;4.16&#8243; _module_preset=&#187;default&#187; border_radii=&#187;on|30px|30px|30px|30px&#187; border_width_all=&#187;1px&#187; border_color_all=&#187;#dee7ec&#187; box_shadow_style=&#187;preset3&#8243; global_colors_info=&#187;{}&#187;][\/et_pb_image][\/et_pb_column][\/et_pb_row][et_pb_row column_structure=&#187;1_2,1_2&#8243; _builder_version=&#187;4.16&#8243; _module_preset=&#187;default&#187; global_colors_info=&#187;{}&#187;][et_pb_column type=&#187;1_2&#8243; _builder_version=&#187;4.16&#8243; _module_preset=&#187;default&#187; global_colors_info=&#187;{}&#187;][et_pb_text _builder_version=&#187;4.16&#8243; _module_preset=&#187;default&#187; header_font=&#187;|600|||||||&#187; text_orientation=&#187;center&#187; custom_margin=&#187;||31px|||&#187; global_colors_info=&#187;{}&#187;]<\/p>\n<h1>Felgen Lackieren<\/h1>\n<p>[\/et_pb_text][et_pb_image src=&#187;https:\/\/www.centercarrosserie.ch\/wp-content\/uploads\/2020\/06\/Felgenlackierung-scaled.jpeg&#187; alt=&#187;Felgenlackierung, Felgen Lackieren&#187; title_text=&#187;Felgen lackieren, Lackierung Basel-Dreispitz&#187; _builder_version=&#187;4.16&#8243; _module_preset=&#187;default&#187; border_radii=&#187;on|30px|30px|30px|30px&#187; border_width_all=&#187;1px&#187; border_color_all=&#187;#dee7ec&#187; box_shadow_style=&#187;preset3&#8243; global_colors_info=&#187;{}&#187;][\/et_pb_image][\/et_pb_column][et_pb_column type=&#187;1_2&#8243; _builder_version=&#187;4.16&#8243; _module_preset=&#187;default&#187; global_colors_info=&#187;{}&#187;][et_pb_text _builder_version=&#187;4.16&#8243; _module_preset=&#187;default&#187; header_font=&#187;|600|||||||&#187; text_orientation=&#187;center&#187; custom_margin=&#187;||31px|||&#187; global_colors_info=&#187;{}&#187;]<\/p>\n<h1>Bremssattel Lackieren <\/h1>\n<p>[\/et_pb_text][et_pb_image src=&#187;https:\/\/www.centercarrosserie.ch\/wp-content\/uploads\/2020\/08\/Bremssatellackieren-20.jpg&#187; title_text=&#187;Bremssatellackieren-20&#8243; _builder_version=&#187;4.16&#8243; _module_preset=&#187;default&#187; border_radii=&#187;on|30px|30px|30px|30px&#187; border_width_all=&#187;1px&#187; border_color_all=&#187;#dee7ec&#187; box_shadow_style=&#187;preset3&#8243; global_colors_info=&#187;{}&#187;][\/et_pb_image][\/et_pb_column][\/et_pb_row][\/et_pb_section][et_pb_section fb_built=&#187;1&#8243; _builder_version=&#187;4.16&#8243; _module_preset=&#187;default&#187; custom_margin=&#187;50px|||||&#187; custom_padding=&#187;50px|||||&#187; top_divider_color=&#187;#0c71b3&#8243; top_divider_height=&#187;10px&#187; top_divider_repeat=&#187;0x&#187; global_colors_info=&#187;{}&#187;][et_pb_row column_structure=&#187;1_2,1_2&#8243; _builder_version=&#187;4.16&#8243; _module_preset=&#187;default&#187; global_colors_info=&#187;{}&#187;][et_pb_column type=&#187;1_2&#8243; _builder_version=&#187;4.16&#8243; _module_preset=&#187;default&#187; global_colors_info=&#187;{}&#187;][et_pb_text _builder_version=&#187;4.17.4&#8243; _module_preset=&#187;default&#187; global_colors_info=&#187;{}&#187;]<\/p>\n<p><strong>CENTER Carrosserie GmbH<\/strong><br \/>Lyon-Strasse 5<br \/>CH-4053 Basel<\/p>\n<p>E-Mail: <a href=\"mailto:info@centercarrosserie.ch\">info@centercarrosserie.ch<\/a><br \/>Tel: 061 331 50 30<br \/>Fax: 061 331 50 31<\/p>\n<p><span>\u00a9 2023 Alle rechte vorbehalten \u2013 CENTER Carrosserie GmbH<\/span><br \/><span>Konzept &amp; Umsetzung: <\/span><strong><a href=\"http:\/\/www.kmgit.ch\/\" target=\"_blank\" rel=\"noopener noreferrer\">kmgit.ch<\/a><\/strong><\/p>\n<p>[\/et_pb_text][\/et_pb_column][et_pb_column type=&#187;1_2&#8243; _builder_version=&#187;4.16&#8243; _module_preset=&#187;default&#187; global_colors_info=&#187;{}&#187;][et_pb_text _builder_version=&#187;4.16&#8243; _module_preset=&#187;default&#187; global_colors_info=&#187;{}&#187;]<\/p>\n<p><a href=\"datenschutz\">Datenschutz<\/a><br \/> <a href=\"impressum\">Impressum<\/a><br \/> <a href=\"kontakt\">Kontakt<\/a><\/p>\n<p>[\/et_pb_text][et_pb_image src=&#187;https:\/\/www.centercarrosserie.ch\/wp-content\/uploads\/2020\/08\/auffacebookfolgen-center.jpg&#187; title_text=&#187;auffacebookfolgen-center&#187; url=&#187;http:\/\/www.facebook.com\/centercarrosserie&#187; url_new_window=&#187;on&#187; _builder_version=&#187;4.16&#8243; _module_preset=&#187;default&#187; width=&#187;25%&#187; width_tablet=&#187;&#187; width_phone=&#187;50%&#187; width_last_edited=&#187;on|phone&#187; locked=&#187;off&#187; global_colors_info=&#187;{}&#187;][\/et_pb_image][\/et_pb_column][\/et_pb_row][\/et_pb_section]<\/p>\n","protected":false},"excerpt":{"rendered":"<p>Autolackierung | felgenlackierungAuto lackieren &#8211; Lacksch\u00e4den reparieren.Der Lack eines Autos, Motorrads, Felge, Flugzeug oder Klaviers ist nicht nur Ausdruck seines eigenen Geschmacks, sondern hat auch den Zweck, das Material darunter vor Schaden zu sch\u00fctzen. Lacksch\u00e4den auf lackierten Fl\u00e4chen sehen nicht nur unsch\u00f6n aus, sondern bergen auch die Gefahr von Rost. Der Spezialist versteht den Aufbau [&hellip;]<\/p>\n","protected":false},"author":1,"featured_media":0,"parent":0,"menu_order":3,"comment_status":"closed","ping_status":"open","template":"","meta":{"_et_pb_use_builder":"on","_et_pb_old_content":"","_et_gb_content_width":"","footnotes":""},"class_list":["post-238","page","type-page","status-publish","hentry"],"yoast_head":"<!-- This site is optimized with the Yoast SEO plugin v27.4 - https:\/\/yoast.com\/product\/yoast-seo-wordpress\/ -->\n<title>CENTER Carrosserie &amp; Lackierung - Basel und Umgebung<\/title>\n<meta name=\"description\" content=\"Lackierung\/Lackiererei - Der Spezialist versteht den Aufbau einer Qualit\u00e4tslackierung von Grundierung \u00fcber F\u00fcller, Lack bis hin zum Klarlack.\" \/>\n<meta name=\"robots\" content=\"index, follow, max-snippet:-1, max-image-preview:large, max-video-preview:-1\" \/>\n<link rel=\"canonical\" href=\"https:\/\/www.centercarrosserie.ch\/?page_id=238\" \/>\n<meta property=\"og:locale\" content=\"de_DE\" \/>\n<meta property=\"og:type\" content=\"article\" \/>\n<meta property=\"og:title\" content=\"CENTER Carrosserie &amp; Lackierung - Basel und Umgebung\" \/>\n<meta property=\"og:description\" content=\"Lackierung\/Lackiererei - Der Spezialist versteht den Aufbau einer Qualit\u00e4tslackierung von Grundierung \u00fcber F\u00fcller, Lack bis hin zum Klarlack.\" \/>\n<meta property=\"og:url\" content=\"https:\/\/www.centercarrosserie.ch\/?page_id=238\" \/>\n<meta property=\"og:site_name\" content=\"CENTER Carrosserie GmbH\" \/>\n<meta property=\"article:publisher\" content=\"https:\/\/www.facebook.com\/centercarrosserie\" \/>\n<meta property=\"article:modified_time\" content=\"2025-04-02T13:16:52+00:00\" \/>\n<meta property=\"og:image\" content=\"https:\/\/www.centercarrosserie.ch\/wp-content\/uploads\/2020\/06\/lamborghini-black-scaled.jpg\" \/>\n\t<meta property=\"og:image:width\" content=\"2560\" \/>\n\t<meta property=\"og:image:height\" content=\"1707\" \/>\n\t<meta property=\"og:image:type\" content=\"image\/jpeg\" \/>\n<meta name=\"twitter:card\" content=\"summary_large_image\" \/>\n<meta name=\"twitter:label1\" content=\"Gesch\u00e4tzte Lesezeit\" \/>\n\t<meta name=\"twitter:data1\" content=\"3\u00a0Minuten\" \/>\n<script type=\"application\/ld+json\" class=\"yoast-schema-graph\">{\"@context\":\"https:\\\/\\\/schema.org\",\"@graph\":[{\"@type\":\"WebPage\",\"@id\":\"https:\\\/\\\/www.centercarrosserie.ch\\\/?page_id=238\",\"url\":\"https:\\\/\\\/www.centercarrosserie.ch\\\/?page_id=238\",\"name\":\"CENTER Carrosserie & Lackierung - Basel und Umgebung\",\"isPartOf\":{\"@id\":\"https:\\\/\\\/www.centercarrosserie.ch\\\/#website\"},\"datePublished\":\"2020-08-10T01:37:53+00:00\",\"dateModified\":\"2025-04-02T13:16:52+00:00\",\"description\":\"Lackierung\\\/Lackiererei - Der Spezialist versteht den Aufbau einer Qualit\u00e4tslackierung von Grundierung \u00fcber F\u00fcller, Lack bis hin zum Klarlack.\",\"breadcrumb\":{\"@id\":\"https:\\\/\\\/www.centercarrosserie.ch\\\/?page_id=238#breadcrumb\"},\"inLanguage\":\"de-CH\",\"potentialAction\":[{\"@type\":\"ReadAction\",\"target\":[\"https:\\\/\\\/www.centercarrosserie.ch\\\/?page_id=238\"]}]},{\"@type\":\"BreadcrumbList\",\"@id\":\"https:\\\/\\\/www.centercarrosserie.ch\\\/?page_id=238#breadcrumb\",\"itemListElement\":[{\"@type\":\"ListItem\",\"position\":1,\"name\":\"Home\",\"item\":\"https:\\\/\\\/www.centercarrosserie.ch\\\/\"},{\"@type\":\"ListItem\",\"position\":2,\"name\":\"Lackierung\"}]},{\"@type\":\"WebSite\",\"@id\":\"https:\\\/\\\/www.centercarrosserie.ch\\\/#website\",\"url\":\"https:\\\/\\\/www.centercarrosserie.ch\\\/\",\"name\":\"CENTER Carrosserie GmbH\",\"description\":\"Carrosserie und Lackierung\",\"publisher\":{\"@id\":\"https:\\\/\\\/www.centercarrosserie.ch\\\/#organization\"},\"potentialAction\":[{\"@type\":\"SearchAction\",\"target\":{\"@type\":\"EntryPoint\",\"urlTemplate\":\"https:\\\/\\\/www.centercarrosserie.ch\\\/?s={search_term_string}\"},\"query-input\":{\"@type\":\"PropertyValueSpecification\",\"valueRequired\":true,\"valueName\":\"search_term_string\"}}],\"inLanguage\":\"de-CH\"},{\"@type\":\"Organization\",\"@id\":\"https:\\\/\\\/www.centercarrosserie.ch\\\/#organization\",\"name\":\"CENTER Carrosserie GmbH\",\"url\":\"https:\\\/\\\/www.centercarrosserie.ch\\\/\",\"logo\":{\"@type\":\"ImageObject\",\"inLanguage\":\"de-CH\",\"@id\":\"https:\\\/\\\/www.centercarrosserie.ch\\\/#\\\/schema\\\/logo\\\/image\\\/\",\"url\":\"https:\\\/\\\/www.centercarrosserie.ch\\\/wp-content\\\/uploads\\\/2020\\\/04\\\/logo-center.jpg\",\"contentUrl\":\"https:\\\/\\\/www.centercarrosserie.ch\\\/wp-content\\\/uploads\\\/2020\\\/04\\\/logo-center.jpg\",\"width\":500,\"height\":139,\"caption\":\"CENTER Carrosserie GmbH\"},\"image\":{\"@id\":\"https:\\\/\\\/www.centercarrosserie.ch\\\/#\\\/schema\\\/logo\\\/image\\\/\"},\"sameAs\":[\"https:\\\/\\\/www.facebook.com\\\/centercarrosserie\"]}]}<\/script>\n<!-- \/ Yoast SEO plugin. -->","yoast_head_json":{"title":"CENTER Carrosserie & Lackierung - Basel und Umgebung","description":"Lackierung\/Lackiererei - Der Spezialist versteht den Aufbau einer Qualit\u00e4tslackierung von Grundierung \u00fcber F\u00fcller, Lack bis hin zum Klarlack.","robots":{"index":"index","follow":"follow","max-snippet":"max-snippet:-1","max-image-preview":"max-image-preview:large","max-video-preview":"max-video-preview:-1"},"canonical":"https:\/\/www.centercarrosserie.ch\/?page_id=238","og_locale":"de_DE","og_type":"article","og_title":"CENTER Carrosserie & Lackierung - Basel und Umgebung","og_description":"Lackierung\/Lackiererei - Der Spezialist versteht den Aufbau einer Qualit\u00e4tslackierung von Grundierung \u00fcber F\u00fcller, Lack bis hin zum Klarlack.","og_url":"https:\/\/www.centercarrosserie.ch\/?page_id=238","og_site_name":"CENTER Carrosserie GmbH","article_publisher":"https:\/\/www.facebook.com\/centercarrosserie","article_modified_time":"2025-04-02T13:16:52+00:00","og_image":[{"width":2560,"height":1707,"url":"https:\/\/www.centercarrosserie.ch\/wp-content\/uploads\/2020\/06\/lamborghini-black-scaled.jpg","type":"image\/jpeg"}],"twitter_card":"summary_large_image","twitter_misc":{"Gesch\u00e4tzte Lesezeit":"3\u00a0Minuten"},"schema":{"@context":"https:\/\/schema.org","@graph":[{"@type":"WebPage","@id":"https:\/\/www.centercarrosserie.ch\/?page_id=238","url":"https:\/\/www.centercarrosserie.ch\/?page_id=238","name":"CENTER Carrosserie & Lackierung - Basel und Umgebung","isPartOf":{"@id":"https:\/\/www.centercarrosserie.ch\/#website"},"datePublished":"2020-08-10T01:37:53+00:00","dateModified":"2025-04-02T13:16:52+00:00","description":"Lackierung\/Lackiererei - Der Spezialist versteht den Aufbau einer Qualit\u00e4tslackierung von Grundierung \u00fcber F\u00fcller, Lack bis hin zum Klarlack.","breadcrumb":{"@id":"https:\/\/www.centercarrosserie.ch\/?page_id=238#breadcrumb"},"inLanguage":"de-CH","potentialAction":[{"@type":"ReadAction","target":["https:\/\/www.centercarrosserie.ch\/?page_id=238"]}]},{"@type":"BreadcrumbList","@id":"https:\/\/www.centercarrosserie.ch\/?page_id=238#breadcrumb","itemListElement":[{"@type":"ListItem","position":1,"name":"Home","item":"https:\/\/www.centercarrosserie.ch\/"},{"@type":"ListItem","position":2,"name":"Lackierung"}]},{"@type":"WebSite","@id":"https:\/\/www.centercarrosserie.ch\/#website","url":"https:\/\/www.centercarrosserie.ch\/","name":"CENTER Carrosserie GmbH","description":"Carrosserie und Lackierung","publisher":{"@id":"https:\/\/www.centercarrosserie.ch\/#organization"},"potentialAction":[{"@type":"SearchAction","target":{"@type":"EntryPoint","urlTemplate":"https:\/\/www.centercarrosserie.ch\/?s={search_term_string}"},"query-input":{"@type":"PropertyValueSpecification","valueRequired":true,"valueName":"search_term_string"}}],"inLanguage":"de-CH"},{"@type":"Organization","@id":"https:\/\/www.centercarrosserie.ch\/#organization","name":"CENTER Carrosserie GmbH","url":"https:\/\/www.centercarrosserie.ch\/","logo":{"@type":"ImageObject","inLanguage":"de-CH","@id":"https:\/\/www.centercarrosserie.ch\/#\/schema\/logo\/image\/","url":"https:\/\/www.centercarrosserie.ch\/wp-content\/uploads\/2020\/04\/logo-center.jpg","contentUrl":"https:\/\/www.centercarrosserie.ch\/wp-content\/uploads\/2020\/04\/logo-center.jpg","width":500,"height":139,"caption":"CENTER Carrosserie GmbH"},"image":{"@id":"https:\/\/www.centercarrosserie.ch\/#\/schema\/logo\/image\/"},"sameAs":["https:\/\/www.facebook.com\/centercarrosserie"]}]}},"_links":{"self":[{"href":"https:\/\/www.centercarrosserie.ch\/index.php?rest_route=\/wp\/v2\/pages\/238","targetHints":{"allow":["GET"]}}],"collection":[{"href":"https:\/\/www.centercarrosserie.ch\/index.php?rest_route=\/wp\/v2\/pages"}],"about":[{"href":"https:\/\/www.centercarrosserie.ch\/index.php?rest_route=\/wp\/v2\/types\/page"}],"author":[{"embeddable":true,"href":"https:\/\/www.centercarrosserie.ch\/index.php?rest_route=\/wp\/v2\/users\/1"}],"replies":[{"embeddable":true,"href":"https:\/\/www.centercarrosserie.ch\/index.php?rest_route=%2Fwp%2Fv2%2Fcomments&post=238"}],"version-history":[{"count":15,"href":"https:\/\/www.centercarrosserie.ch\/index.php?rest_route=\/wp\/v2\/pages\/238\/revisions"}],"predecessor-version":[{"id":6690,"href":"https:\/\/www.centercarrosserie.ch\/index.php?rest_route=\/wp\/v2\/pages\/238\/revisions\/6690"}],"wp:attachment":[{"href":"https:\/\/www.centercarrosserie.ch\/index.php?rest_route=%2Fwp%2Fv2%2Fmedia&parent=238"}],"curies":[{"name":"wp","href":"https:\/\/api.w.org\/{rel}","templated":true}]}}