{"id":288,"date":"2020-08-10T05:27:57","date_gmt":"2020-08-10T03:27:57","guid":{"rendered":"https:\/\/www.centercarrosserie.ch\/?page_id=288"},"modified":"2022-05-30T20:01:22","modified_gmt":"2022-05-30T18:01:22","slug":"impressum-center-carrosserie-basel","status":"publish","type":"page","link":"https:\/\/www.centercarrosserie.ch\/?page_id=288","title":{"rendered":"Impressum"},"content":{"rendered":"<p>[et_pb_section fb_built=&#187;1&#8243; _builder_version=&#187;4.17.4&#8243; _module_preset=&#187;default&#187; background_image=&#187;https:\/\/www.centercarrosserie.ch\/wp-content\/uploads\/2020\/04\/Lackierung-scaled.jpeg&#187; height=&#187;373px&#187; hover_enabled=&#187;0&#8243; global_colors_info=&#187;{}&#187; bottom_divider_style=&#187;slant&#187; bottom_divider_height=&#187;50px&#187; bottom_divider_flip=&#187;horizontal&#187; sticky_enabled=&#187;0&#8243; next_background_color=&#187;#ffffff&#187;][\/et_pb_section][et_pb_section fb_built=&#187;1&#8243; _builder_version=&#187;4.16&#8243; _module_preset=&#187;default&#187; custom_padding=&#187;||31px|||&#187; global_colors_info=&#187;{}&#187;][et_pb_row _builder_version=&#187;4.16&#8243; _module_preset=&#187;default&#187; global_colors_info=&#187;{}&#187;][et_pb_column type=&#187;4_4&#8243; _builder_version=&#187;4.16&#8243; _module_preset=&#187;default&#187; global_colors_info=&#187;{}&#187;][et_pb_text _builder_version=&#187;4.16&#8243; _module_preset=&#187;default&#187; global_colors_info=&#187;{}&#187;]<\/p>\n<p><strong>Kontakt-Adresse<\/strong><\/p>\n<p>CENTER Carrosserie GmbH<br \/>Lyon-Strasse 5<br \/>4053 Basel<br \/>Schweiz<\/p>\n<p>E-Mail:<br \/>info@centercarrosserie.ch<\/p>\n<p>&nbsp;<\/p>\n<p><strong>Vertretungsberechtigte Person(en)<\/strong><\/p>\n<p>Shqipran Gashi<\/p>\n<p><strong>Handelsregister-Eintrag<\/strong><\/p>\n<p>Eingetragener Firmenname: CENTER Carrosserie GmbH<br \/>Handelsregister Nr: CHE-492.412.335<\/p>\n<p>&nbsp;<\/p>\n<p><strong>Mehrwertsteuer-Nummer<\/strong><br \/>CHE-492.412.335<\/p>\n<p><strong>Haftungsausschluss<\/strong><\/p>\n<p>Der Autor \u00fcbernimmt keinerlei Gew\u00e4hr hinsichtlich der inhaltlichen Richtigkeit, Genauigkeit, Aktualit\u00e4t, Zuverl\u00e4ssigkeit und Vollst\u00e4ndigkeit der Informationen.<\/p>\n<p>Haftungsanspr\u00fcche gegen den Autor wegen Sch\u00e4den materieller oder immaterieller Art, welche aus dem Zugriff oder der Nutzung bzw. Nichtnutzung der ver\u00f6ffentlichten Informationen, durch Missbrauch der Verbindung oder durch technische St\u00f6rungen entstanden sind, werden ausgeschlossen.<\/p>\n<p>Alle Angebote sind unverbindlich. Der Autor beh\u00e4lt es sich ausdr\u00fccklich vor, Teile der Seiten oder das gesamte Angebot ohne besondere Ank\u00fcndigung zu ver\u00e4ndern, zu erg\u00e4nzen, zu l\u00f6schen oder die Ver\u00f6ffentlichung zeitweise oder endg\u00fcltig einzustellen.<\/p>\n<p>&nbsp;<\/p>\n<p><strong>Haftungsausschluss f\u00fcr Links<\/strong><\/p>\n<p>Verweise und Links auf Webseiten Dritter liegen ausserhalb unseres Verantwortungsbereichs. Es wird jegliche Verantwortung f\u00fcr solche Webseiten abgelehnt. Der Zugriff und die Nutzung solcher Webseiten erfolgen auf eigene Gefahr des jeweiligen Nutzers.<\/p>\n<p>&nbsp;<\/p>\n<p><strong>Urheberrechte<\/strong><\/p>\n<p>Die Urheber- und alle anderen Rechte an Inhalten, Bildern, Fotos oder anderen Dateien auf dieser Website, geh\u00f6ren ausschliesslich <strong>der Firma CENTER Carrosserie GmbH<\/strong> oder den speziell genannten Rechteinhabern. F\u00fcr die Reproduktion jeglicher Elemente ist die schriftliche Zustimmung des Urheberrechtstr\u00e4gers im Voraus einzuholen.<\/p>\n<p>&nbsp;<\/p>\n<p><!--ACHTUNG: Wenn Sie die Quelle ohne Erlaubnis von SwissAnwalt entfernen, dann begehen Sie eine Urheberrechtsverletzung welche in jedem Fall geahndet wird.--><br \/>Quelle: <a href=\"https:\/\/www.swissanwalt.ch\" target=\"_blank\" rel=\"noopener noreferrer\">SwissAnwalt<\/a><!--Bitte beachten Sie die AGB von SwissAnwalt betreffend allf&auml;llig anfallenden Kosten bei Weglassen der Quelle!--><\/p>\n<p>[\/et_pb_text][\/et_pb_column][\/et_pb_row][\/et_pb_section][et_pb_section fb_built=&#187;1&#8243; _builder_version=&#187;4.16&#8243; _module_preset=&#187;default&#187; custom_margin=&#187;50px|||||&#187; custom_padding=&#187;50px|||||&#187; top_divider_color=&#187;#0c71b3&#8243; top_divider_height=&#187;10px&#187; top_divider_repeat=&#187;0x&#187; global_colors_info=&#187;{}&#187;][et_pb_row column_structure=&#187;1_2,1_2&#8243; _builder_version=&#187;4.16&#8243; _module_preset=&#187;default&#187; global_colors_info=&#187;{}&#187;][et_pb_column type=&#187;1_2&#8243; _builder_version=&#187;4.16&#8243; _module_preset=&#187;default&#187; global_colors_info=&#187;{}&#187;][et_pb_text _builder_version=&#187;4.16&#8243; _module_preset=&#187;default&#187; global_colors_info=&#187;{}&#187;]<\/p>\n<p><strong>CENTER Carrosserie GmbH<\/strong><br \/> Lyon-Strasse 5<br \/> CH-4053 Basel<\/p>\n<p>E-Mail: <a href=\"mailto:info@centercarrosserie.ch\">info@centercarrosserie.ch<\/a><br \/> Tel: 061 331 50 30<br \/> Fax: 061 331 50 31<\/p>\n<p><span>\u00a9 2020 Alle rechte vorbehalten \u2013 CENTER Carrosserie GmbH<\/span><br \/><span>Konzept &amp; Umsetzung: <\/span><strong><a href=\"http:\/\/www.kmgit.ch\/\" target=\"_blank\" rel=\"noopener noreferrer\">kmgit.ch<\/a><\/strong><\/p>\n<p>[\/et_pb_text][\/et_pb_column][et_pb_column type=&#187;1_2&#8243; _builder_version=&#187;4.16&#8243; _module_preset=&#187;default&#187; global_colors_info=&#187;{}&#187;][et_pb_text _builder_version=&#187;4.16&#8243; _module_preset=&#187;default&#187; global_colors_info=&#187;{}&#187;]<\/p>\n<p><a href=\"datenschutz\">Datenschutz<\/a><br \/> <a href=\"impressum\">Impressum<\/a><br \/> <a href=\"kontakt\">Kontakt<\/a><\/p>\n<p>[\/et_pb_text][et_pb_image src=&#187;https:\/\/www.centercarrosserie.ch\/wp-content\/uploads\/2020\/08\/auffacebookfolgen-center.jpg&#187; title_text=&#187;auffacebookfolgen-center&#187; url=&#187;http:\/\/www.facebook.com\/centercarrosserie&#187; url_new_window=&#187;on&#187; _builder_version=&#187;4.16&#8243; _module_preset=&#187;default&#187; width=&#187;25%&#187; locked=&#187;off&#187; global_colors_info=&#187;{}&#187;][\/et_pb_image][\/et_pb_column][\/et_pb_row][\/et_pb_section]<\/p>\n","protected":false},"excerpt":{"rendered":"<p>Kontakt-Adresse CENTER Carrosserie GmbHLyon-Strasse 54053 BaselSchweiz E-Mail:info@centercarrosserie.ch &nbsp; Vertretungsberechtigte Person(en) Shqipran Gashi Handelsregister-Eintrag Eingetragener Firmenname: CENTER Carrosserie GmbHHandelsregister Nr: CHE-492.412.335 &nbsp; Mehrwertsteuer-NummerCHE-492.412.335 Haftungsausschluss Der Autor \u00fcbernimmt keinerlei Gew\u00e4hr hinsichtlich der inhaltlichen Richtigkeit, Genauigkeit, Aktualit\u00e4t, Zuverl\u00e4ssigkeit und Vollst\u00e4ndigkeit der Informationen. Haftungsanspr\u00fcche gegen den Autor wegen Sch\u00e4den materieller oder immaterieller Art, welche aus dem Zugriff oder der [&hellip;]<\/p>\n","protected":false},"author":1,"featured_media":0,"parent":0,"menu_order":0,"comment_status":"closed","ping_status":"closed","template":"","meta":{"_et_pb_use_builder":"on","_et_pb_old_content":"","_et_gb_content_width":"","footnotes":""},"class_list":["post-288","page","type-page","status-publish","hentry"],"yoast_head":"<!-- This site is optimized with the Yoast SEO plugin v27.4 - https:\/\/yoast.com\/product\/yoast-seo-wordpress\/ -->\n<title>Impressum &#8212; CENTER Carrosserie GmbH - Basel<\/title>\n<meta name=\"description\" content=\"CENTER Carrosserie GmbH, Lyon-Strasse 5, 4053 Basel - Schweiz und E-Mail Adresse: info@centercarrosserie.ch\" \/>\n<meta name=\"robots\" content=\"index, follow, max-snippet:-1, max-image-preview:large, max-video-preview:-1\" \/>\n<link rel=\"canonical\" href=\"https:\/\/www.centercarrosserie.ch\/?page_id=288\" \/>\n<meta property=\"og:locale\" content=\"de_DE\" \/>\n<meta property=\"og:type\" content=\"article\" \/>\n<meta property=\"og:title\" content=\"Impressum &#8212; CENTER Carrosserie GmbH - Basel\" \/>\n<meta property=\"og:description\" content=\"CENTER Carrosserie GmbH, Lyon-Strasse 5, 4053 Basel - Schweiz und E-Mail Adresse: info@centercarrosserie.ch\" \/>\n<meta property=\"og:url\" content=\"https:\/\/www.centercarrosserie.ch\/?page_id=288\" \/>\n<meta property=\"og:site_name\" content=\"CENTER Carrosserie GmbH\" \/>\n<meta property=\"article:publisher\" content=\"https:\/\/www.facebook.com\/centercarrosserie\" \/>\n<meta property=\"article:modified_time\" content=\"2022-05-30T18:01:22+00:00\" \/>\n<meta property=\"og:image\" content=\"https:\/\/www.centercarrosserie.ch\/wp-content\/uploads\/2020\/06\/lamborghini-black-scaled.jpg\" \/>\n\t<meta property=\"og:image:width\" content=\"2560\" \/>\n\t<meta property=\"og:image:height\" content=\"1707\" \/>\n\t<meta property=\"og:image:type\" content=\"image\/jpeg\" \/>\n<meta name=\"twitter:card\" content=\"summary_large_image\" \/>\n<meta name=\"twitter:label1\" content=\"Gesch\u00e4tzte Lesezeit\" \/>\n\t<meta name=\"twitter:data1\" content=\"2\u00a0Minuten\" \/>\n<script type=\"application\/ld+json\" class=\"yoast-schema-graph\">{\"@context\":\"https:\\\/\\\/schema.org\",\"@graph\":[{\"@type\":\"WebPage\",\"@id\":\"https:\\\/\\\/www.centercarrosserie.ch\\\/?page_id=288\",\"url\":\"https:\\\/\\\/www.centercarrosserie.ch\\\/?page_id=288\",\"name\":\"Impressum &#8212; CENTER Carrosserie GmbH - Basel\",\"isPartOf\":{\"@id\":\"https:\\\/\\\/www.centercarrosserie.ch\\\/#website\"},\"datePublished\":\"2020-08-10T03:27:57+00:00\",\"dateModified\":\"2022-05-30T18:01:22+00:00\",\"description\":\"CENTER Carrosserie GmbH, Lyon-Strasse 5, 4053 Basel - Schweiz und E-Mail Adresse: info@centercarrosserie.ch\",\"breadcrumb\":{\"@id\":\"https:\\\/\\\/www.centercarrosserie.ch\\\/?page_id=288#breadcrumb\"},\"inLanguage\":\"de-CH\",\"potentialAction\":[{\"@type\":\"ReadAction\",\"target\":[\"https:\\\/\\\/www.centercarrosserie.ch\\\/?page_id=288\"]}]},{\"@type\":\"BreadcrumbList\",\"@id\":\"https:\\\/\\\/www.centercarrosserie.ch\\\/?page_id=288#breadcrumb\",\"itemListElement\":[{\"@type\":\"ListItem\",\"position\":1,\"name\":\"Home\",\"item\":\"https:\\\/\\\/www.centercarrosserie.ch\\\/\"},{\"@type\":\"ListItem\",\"position\":2,\"name\":\"Impressum\"}]},{\"@type\":\"WebSite\",\"@id\":\"https:\\\/\\\/www.centercarrosserie.ch\\\/#website\",\"url\":\"https:\\\/\\\/www.centercarrosserie.ch\\\/\",\"name\":\"CENTER Carrosserie GmbH\",\"description\":\"Carrosserie und Lackierung\",\"publisher\":{\"@id\":\"https:\\\/\\\/www.centercarrosserie.ch\\\/#organization\"},\"potentialAction\":[{\"@type\":\"SearchAction\",\"target\":{\"@type\":\"EntryPoint\",\"urlTemplate\":\"https:\\\/\\\/www.centercarrosserie.ch\\\/?s={search_term_string}\"},\"query-input\":{\"@type\":\"PropertyValueSpecification\",\"valueRequired\":true,\"valueName\":\"search_term_string\"}}],\"inLanguage\":\"de-CH\"},{\"@type\":\"Organization\",\"@id\":\"https:\\\/\\\/www.centercarrosserie.ch\\\/#organization\",\"name\":\"CENTER Carrosserie GmbH\",\"url\":\"https:\\\/\\\/www.centercarrosserie.ch\\\/\",\"logo\":{\"@type\":\"ImageObject\",\"inLanguage\":\"de-CH\",\"@id\":\"https:\\\/\\\/www.centercarrosserie.ch\\\/#\\\/schema\\\/logo\\\/image\\\/\",\"url\":\"https:\\\/\\\/www.centercarrosserie.ch\\\/wp-content\\\/uploads\\\/2020\\\/04\\\/logo-center.jpg\",\"contentUrl\":\"https:\\\/\\\/www.centercarrosserie.ch\\\/wp-content\\\/uploads\\\/2020\\\/04\\\/logo-center.jpg\",\"width\":500,\"height\":139,\"caption\":\"CENTER Carrosserie GmbH\"},\"image\":{\"@id\":\"https:\\\/\\\/www.centercarrosserie.ch\\\/#\\\/schema\\\/logo\\\/image\\\/\"},\"sameAs\":[\"https:\\\/\\\/www.facebook.com\\\/centercarrosserie\"]}]}<\/script>\n<!-- \/ Yoast SEO plugin. -->","yoast_head_json":{"title":"Impressum &#8212; CENTER Carrosserie GmbH - Basel","description":"CENTER Carrosserie GmbH, Lyon-Strasse 5, 4053 Basel - Schweiz und E-Mail Adresse: info@centercarrosserie.ch","robots":{"index":"index","follow":"follow","max-snippet":"max-snippet:-1","max-image-preview":"max-image-preview:large","max-video-preview":"max-video-preview:-1"},"canonical":"https:\/\/www.centercarrosserie.ch\/?page_id=288","og_locale":"de_DE","og_type":"article","og_title":"Impressum &#8212; CENTER Carrosserie GmbH - Basel","og_description":"CENTER Carrosserie GmbH, Lyon-Strasse 5, 4053 Basel - Schweiz und E-Mail Adresse: info@centercarrosserie.ch","og_url":"https:\/\/www.centercarrosserie.ch\/?page_id=288","og_site_name":"CENTER Carrosserie GmbH","article_publisher":"https:\/\/www.facebook.com\/centercarrosserie","article_modified_time":"2022-05-30T18:01:22+00:00","og_image":[{"width":2560,"height":1707,"url":"https:\/\/www.centercarrosserie.ch\/wp-content\/uploads\/2020\/06\/lamborghini-black-scaled.jpg","type":"image\/jpeg"}],"twitter_card":"summary_large_image","twitter_misc":{"Gesch\u00e4tzte Lesezeit":"2\u00a0Minuten"},"schema":{"@context":"https:\/\/schema.org","@graph":[{"@type":"WebPage","@id":"https:\/\/www.centercarrosserie.ch\/?page_id=288","url":"https:\/\/www.centercarrosserie.ch\/?page_id=288","name":"Impressum &#8212; CENTER Carrosserie GmbH - Basel","isPartOf":{"@id":"https:\/\/www.centercarrosserie.ch\/#website"},"datePublished":"2020-08-10T03:27:57+00:00","dateModified":"2022-05-30T18:01:22+00:00","description":"CENTER Carrosserie GmbH, Lyon-Strasse 5, 4053 Basel - Schweiz und E-Mail Adresse: info@centercarrosserie.ch","breadcrumb":{"@id":"https:\/\/www.centercarrosserie.ch\/?page_id=288#breadcrumb"},"inLanguage":"de-CH","potentialAction":[{"@type":"ReadAction","target":["https:\/\/www.centercarrosserie.ch\/?page_id=288"]}]},{"@type":"BreadcrumbList","@id":"https:\/\/www.centercarrosserie.ch\/?page_id=288#breadcrumb","itemListElement":[{"@type":"ListItem","position":1,"name":"Home","item":"https:\/\/www.centercarrosserie.ch\/"},{"@type":"ListItem","position":2,"name":"Impressum"}]},{"@type":"WebSite","@id":"https:\/\/www.centercarrosserie.ch\/#website","url":"https:\/\/www.centercarrosserie.ch\/","name":"CENTER Carrosserie GmbH","description":"Carrosserie und Lackierung","publisher":{"@id":"https:\/\/www.centercarrosserie.ch\/#organization"},"potentialAction":[{"@type":"SearchAction","target":{"@type":"EntryPoint","urlTemplate":"https:\/\/www.centercarrosserie.ch\/?s={search_term_string}"},"query-input":{"@type":"PropertyValueSpecification","valueRequired":true,"valueName":"search_term_string"}}],"inLanguage":"de-CH"},{"@type":"Organization","@id":"https:\/\/www.centercarrosserie.ch\/#organization","name":"CENTER Carrosserie GmbH","url":"https:\/\/www.centercarrosserie.ch\/","logo":{"@type":"ImageObject","inLanguage":"de-CH","@id":"https:\/\/www.centercarrosserie.ch\/#\/schema\/logo\/image\/","url":"https:\/\/www.centercarrosserie.ch\/wp-content\/uploads\/2020\/04\/logo-center.jpg","contentUrl":"https:\/\/www.centercarrosserie.ch\/wp-content\/uploads\/2020\/04\/logo-center.jpg","width":500,"height":139,"caption":"CENTER Carrosserie GmbH"},"image":{"@id":"https:\/\/www.centercarrosserie.ch\/#\/schema\/logo\/image\/"},"sameAs":["https:\/\/www.facebook.com\/centercarrosserie"]}]}},"_links":{"self":[{"href":"https:\/\/www.centercarrosserie.ch\/index.php?rest_route=\/wp\/v2\/pages\/288","targetHints":{"allow":["GET"]}}],"collection":[{"href":"https:\/\/www.centercarrosserie.ch\/index.php?rest_route=\/wp\/v2\/pages"}],"about":[{"href":"https:\/\/www.centercarrosserie.ch\/index.php?rest_route=\/wp\/v2\/types\/page"}],"author":[{"embeddable":true,"href":"https:\/\/www.centercarrosserie.ch\/index.php?rest_route=\/wp\/v2\/users\/1"}],"replies":[{"embeddable":true,"href":"https:\/\/www.centercarrosserie.ch\/index.php?rest_route=%2Fwp%2Fv2%2Fcomments&post=288"}],"version-history":[{"count":2,"href":"https:\/\/www.centercarrosserie.ch\/index.php?rest_route=\/wp\/v2\/pages\/288\/revisions"}],"predecessor-version":[{"id":587,"href":"https:\/\/www.centercarrosserie.ch\/index.php?rest_route=\/wp\/v2\/pages\/288\/revisions\/587"}],"wp:attachment":[{"href":"https:\/\/www.centercarrosserie.ch\/index.php?rest_route=%2Fwp%2Fv2%2Fmedia&parent=288"}],"curies":[{"name":"wp","href":"https:\/\/api.w.org\/{rel}","templated":true}]}}